. Let g be (4/(-6))/(4/6). Let o(w) = 1. Let c(a) = g*i(a) + 6*o(a). Let u be 2/(-1) - (-2 + -4 + -2). What is c(u)?
-6
Let d(z) = -3 - 2*z**2 - 5*z**2 - 1275*z + 2553*z + z**2 + z**3 - 1274*z. Give d(5).
-8
Let l(y) be the second derivative of y**4/12 + y**3 - 7*y**2/2 + 65*y. Calculate l(-6).
-7
Let a(v) = -6*v**3 - 14*v**2 - 9*v - 15. Let p(b) = -b**3 - b**2 - 1. Suppose 6*g - 18 = 8*g + 4*h, 5*h + 17 = 3*g. Let u(l) = g*a(l) + 5*p(l). What is u(-8)?
2
Let j(u) be the first derivative of -3 + 13*u + 4/3*u**3 - 1/12*u**4 - 7/2*u**2. Let q(i) be the first derivative of j(i). Calculate q(6).
5
Let z(k) = -243*k**3 + 3*k**2 + 6 - 7 + 242*k**3 - k. Suppose -3*i + 2*j + 14 = 3*j, 0 = i - j - 2. Let a be (-2)/i - (-5)/2. What is z(a)?
1
Let i(b) = -27 - b + 9*b - b. Let v(u) = 10*u - 40. Suppose -5*x - 41 = -2*a, -x - 5*a + 8 = -0*x. Let w(m) = x*i(m) + 5*v(m). What is w(0)?
-11
Let h(n) = -n - 1. Suppose 3*a - 2*a + 6 = 4*p, -2*a - 12 = -p. What is h(a)?
5
Suppose -2*a = -0*a - 6. Suppose 0*d = a*d + 15. Let v(b) = -7*b + 2*b + b - b**2 - b - 4. What is v(d)?
-4
Let v(l) = -7*l**2 - 5 + l**2 - 2034*l**3 + 2035*l**3 - 1 + 3*l. Calculate v(6).
12
Let c(m) be the first derivative of -4*m + 9 + 1/2*m**2. What is c(-4)?
-8
Let b(c) be the second derivative of c**4/6 + c**3/3 - 2*c**2 + 90*c. Determine b(0).
-4
Let x(k) = -k**3 - 5*k**2 + k - 7. Suppose 0 = 2*g - p + 21, 2*g + 2*p = -p - 17. Let v be 4/g + (-253)/55. Give x(v).
-12
Let g(j) = 0*j + j + 1 - 5*j + 5*j + 2*j. Calculate g(5).
16
Let q(p) = -p**2 + 7*p + 4. Let i(o) = 2*o**2 - 19*o + 30. Let a be i(8). Calculate q(a).
10
Let b(j) = -16*j + 8*j**2 + 16*j + 3*j + 6*j + 4*j**3 + 3 - 3*j**3. Let p = -8 + 1. Calculate b(p).
-11
Let l(a) = -a**3 - 8*a**2 + 4*a - 6. Suppose 2*g = 2*i - 12, -4*g + 5*i - 7*i = 36. Calculate l(g).
-38
Suppose 33*j - 15 = 38*j. Let o(r) = 6*r**2 + 2*r. Calculate o(j).
48
Let g = 12 - 11. Let y(j) = 4*j**3. Let a be y(g). Suppose 0 = -0*d + 2*d + a. Let n(p) = -8*p - 1. Determine n(d).
15
Let c(w) = -w**2 + 2*w + 1. Let l = -19 + 15. Let j(p) = -5*p - 17. Let m be j(l). Determine c(m).
-2
Let n(l) be the third derivative of -2*l**5/15 + l**4/8 - 8*l**2. Let y(w) = -7*w**2 + 2*w. Let r(s) = -5*n(s) + 6*y(s). Give r(-3).
-9
Let i(c) be the first derivative of -1/2*c**3 + 1/3*c**4 - 6*c + c**2 + 1/20*c**5 + 3. Let h(t) be the first derivative of i(t). Give h(-5).
-8
Suppose -w + 5*q + 110 = 0, 3*w + 3*q = -2*q + 290. Let d(c) = -1 + 102*c - w*c + 0. Calculate d(1).
1
Let r(g) = -3*g**2 + 7*g + 2. Let n(d) = -8*d**2 + 22*d + 6. Let t(k) = 4*n(k) - 11*r(k). Give t(-8).
-22
Let i(d) = 2. Let f(x) = -3*x - 3. Let c(r) = f(r) + 3*i(r). What is c(5)?
-12
Let i(b) = 5 - b**2 - 4 - 3. Suppose 0*u = -3*u + 33. Suppose 6 = -8*d + u*d. Calculate i(d).
-6
Let y(f) be the second derivative of -f**5/20 + 5*f**4/12 + f**3/2 + 3*f**2/2 + 173*f. Calculate y(5).
18
Let q = 36 + -25. Suppose 0 = -q*s + 5*s + 36. Let b(f) = -3*f + 9. Calculate b(s).
-9
Let n(x) = -2*x + 59. Let a(o) = o - 25. Let j(m) = 5*a(m) + 2*n(m). Give j(0).
-7
Let l(z) = -5*z**2 - 15*z + 7. Let b be 2/1 - (-1 - 3). Let x(o) = -o**2 - o. Let y(h) = b*x(h) - l(h). What is y(6)?
11
Suppose -2*x + 0 = -8. Let f be 4/(-4)*(-2 + x). Let i(j) = -6*j - 6. Let u(w) = -w - 1. Let z(s) = -i(s) + 4*u(s). Determine z(f).
-2
Let b(d) = d**2 + 46*d - 147. Let a be b(-49). Let i(w) be the third derivative of a*w**3 + 1/3*w**4 - 14*w**2 + 0 + 0*w. Give i(1).
8
Let f = 34 - 34. Let y(x) = 2 - 4*x + x - 1 + 6*x**2 + f*x**2. Give y(2).
19
Let i(b) = -b + 6. Suppose 3*h = 3*l - 21, 1 = -3*l + 6*l + h. Suppose -l*v = 2 - 4, 2 = -k - 2*v. Let f = k - -9. What is i(f)?
1
Let d(j) = -j**2 + 4. Suppose 4*t + 3*b = -0*t + 44, 4*b = -t + 24. Suppose -3*c - 4 - t = 0. Calculate d(c).
-12
Let j(t) = t**3 - 12*t**2 - 8*t - 13. Let x be -4 - ((-3)/(-5) - (-4)/10). Let c(d) = d**3 - 13*d**2 - 8*d - 14. Let l(w) = x*c(w) + 6*j(w). What is l(8)?
-8
Suppose -v - 9 = -11. Let d(f) = f**2 + 51 - 10*f - 60 + 0*f**v. Let r(x) = -2*x**2 + 11*x + 10. Let s(k) = 3*d(k) + 2*r(k). What is s(-5)?
8
Let l(r) = r**2 + 2 + 6*r - 7*r + 1. Let b be l(2). Let d(z) = -z + 5. Determine d(b).
0
Let r = 0 + 2. Let x(s) = 2 - s + 0*s**2 - s**r + 4*s. Let g = -152 - -155. Calculate x(g).
2
Let q(f) = -2*f + 3. Let t(n) = -3*n + 4. Suppose -5*l - 128 = -l. Let k be (l/(-48))/(2/15). Let i(c) = k*t(c) - 8*q(c). Calculate i(3).
-1
Suppose 10*l + 20 = 15*l. Suppose 0 = -2*g + 3*b, 3*b + 6 + 0 = l*g. Suppose 3*k + n - 17 = 0, g*k + 4*n = 6*k - 22. Let v(i) = -i**2 + 5*i + 2. Give v(k).
-4
Let x = 184 + -183. Let d(c) = -6*c**3 + c**2 - 2*c + 1. Give d(x).
-6
Suppose 2*u = 2*l + l - 26, -5*u = 4*l - 4. Let y(r) = 10*r + 5 - l*r - 11*r - r**2. Calculate y(-6).
11
Let v(s) = -24*s + 27. Let r(n) = 73*n - 80. Let b(f) = 6*r(f) + 17*v(f). Let c(l) = 14*l - 10. Let p(w) = -6*b(w) + 13*c(w). What is p(6)?
8
Let q(z) be the third derivative of z**6/120 + z**5/20 - z**4/12 - z**3 - 56*z**2. Give q(-4).
-14
Let q(l) be the first derivative of -l**3/3 + 5*l**2 - 11*l + 90. What is q(10)?
-11
Let o(s) = -s**2 - s + 1. Let v(q) = -q**2 - 8*q + 5. Let n(a) = -2*o(a) + v(a). Let m(c) = -2*c**2 + 14*c - 5. Let j be m(6). Determine n(j).
10
Let c(o) = 3*o - 20. Let t(i) = -5*i**2 - 22*i + 105. Let d be t(3). Calculate c(d).
-38
Let z(u) = 17*u + 4. Let k(o) = -18*o - 3. Let y(j) = 3*k(j) + 2*z(j). Determine y(-1).
19
Let c(g) be the second derivative of g**4/4 + g**3/3 - g**2 - 5*g. Let b = -6 + 14. Suppose -r + 3*r + 4 = -t, -t - b = 4*r. What is c(r)?
6
Let i(y) be the third derivative of -y**8/6720 - y**5/30 + 7*y**4/24 - 17*y**2. Let r(l) be the second derivative of i(l). What is r(0)?
-4
Suppose 3*h + 18*n - 13*n = 6, 4*n = h - 19. Let i(r) = -2*r + 1. Determine i(h).
-13
Let f(s) = 4*s**3 + 6*s**2 + 4*s**3 + 0*s - 6 + s - 7*s**3. Determine f(-5).
14
Suppose 34*s = -11 + 181. Let p(l) be the third derivative of l**6/120 - l**5/12 - l**4/24 - 7*l**3/6 - l**2. Calculate p(s).
-12
Suppose -2*u + 12 = -2*c, -5*c - 4 = 2*u - 3*c. Let a(q) = -5 + 3 - 1 - 1 - u*q. Calculate a(0).
-4
Let t(u) = -2*u**3 - 3*u**2 - u - 2. Let p be 4*1/1 + -121. Let x = p + 115. Calculate t(x).
4
Let k(y) be the third derivative of 0*y + 0 - 19*y**2 - 1/60*y**5 - 1/4*y**4 + 1/6*y**3. Determine k(-7).
-6
Let f = 109 + -110. Let w be f - (-1)/((-12)/4)*0. Let m(r) = 13*r**2 - r. What is m(w)?
14
Suppose 3*t - 13 + 1 = 0. Suppose v + t = -8. Let h = -7 - v. Let c(y) = -2*y - 7. Calculate c(h).
-17
Let x(n) = -3*n**2 - 3. Let d be x(0). Let s(l) be the second derivative of l**3/3 + l**2/2 - l. Give s(d).
-5
Let l(b) = -b**2 + 8*b - 9. Suppose -w = 3*j + 2*w - 21, 0 = 4*j + 3*w - 25. Suppose -49 = -j*p - 17. What is l(p)?
-9
Let c(f) = -28*f - 2 + 11*f + 10*f + 8*f. Let n(o) = o - 3. Let j(s) = -s**3 + 5*s**2 - 4*s + 4. Let i be j(4). Let x(p) = i*c(p) - 3*n(p). Give x(-2).
-1
Let l(s) be the first derivative of s**2/2 - 13*s + 24. Let p be l(12). Let y(g) = 2*g - 3*g - 1 - 12*g**2 + 0. Calculate y(p).
-12
Suppose 47*a - 17*a = -25*a + 275. Let l(b) be the first derivative of b**2/2 + 2*b - 1. Calculate l(a).
7
Let d(p) be the third derivative of p**5/40 + 11*p**4/24 - 19*p**3/6 + 7*p**2 + 2*p. Let n(h) be the first derivative of d(h). What is n(-8)?
-13
Let o(z) = -z**3 + 8*z**2 - 6*z - 4. Suppose -32 = -4*u - u + q, -3*q = -5*u + 26. What is o(u)?
3
Let y(o) be the second derivative of -o**5/20 + o**4/3 + o**3/6 + 4*o**2 + 437*o. Give y(4).
12
Let l(p) be the third derivative of -p**5/60 + p**4/3 - 2*p**3/3 + p**2 - 1. Suppose 0 = -v - 0*v + 6. Determine l(v).
8
Let l(f) = f**2 - f. Let w(v) = 5*v**2 + 0*v**2 + v**2. Let k(u) = 5*l(u) - w(u). Let i = -220 + 214. Determine k(i).
-6
Let p(d) = 2*d**3 - 18*d**2 - d + 2. Let u = 1441 + -1432. Determine p(u).
-7
Let s(g) = -g**2 - 5*g + 2. Suppose -2*z = 2*v + 4, 2*v - 9 = 5*z + 22. Give s(z).
2
Let u(x) = 2*x + 13. Suppose 0 = 3*c + 21 + 12. Calculate u(c).
-9
Let n(m) = m**2 - 4*m - 12. Let h = 124 + -119. Determine n(h).
-7
Let k(p) = -9*p**3 + 10*p**2 - 29*p - 4. Let j(c) = -c**3 - 3*c + 1. Let v(w) = 8*j(w) - k(w). What is v(9)?
-24
Let k(m) = -m + 1. Let d be ((-120)/16)/((-2)/4). Suppose -3*f + 30 = -d. Suppose 3 = -3*v - f. Calculate k(v).
7
Let k(x) = x**3 - 20*x